+ 98. What is the tens digit of c?
4
Suppose 4*h - 137 = 95. What is the tens digit of h?
5
Let k(y) = -y**2 + 5*y - 1. Suppose p + 0 = 3, 4*g - 4 = 4*p. Let x be k(g). Suppose -2*q + x = -q. What is the units digit of q?
3
What is the tens digit of 1 + -3 + 6 + 196?
0
Let o = 157 + -71. What is the tens digit of o?
8
Suppose -2*x + 5*b = x - 100, 5*x + 3*b = 144. Suppose x = g + g + 5*c, 2*g + 3*c = 26. What is the units digit of g?
0
What is the tens digit of -1 - (0 - 2) - (-220)/2?
1
Let f(a) = a**3 - a**2 - 1. What is the units digit of f(2)?
3
Let h = -6 - -11. Suppose -h*l + 24 = -51. What is the units digit of l?
5
Let v = -1 + 8. Let h = v - 4. Suppose 0 + 2 = j, 0 = u + h*j - 13. What is the units digit of u?
7
Suppose w = -w - 4. Let n = w - -2. Suppose 2*z + n*z - 18 = 0. What is the units digit of z?
9
Suppose -5*a - 4*b - 3 = 0, -2*a + 8 = -2*b - b. Let h be (0 - a) + 4 + 2. Suppose -w + 10 = -3*y - 13, -5*y = -h*w + 65. What is the units digit of w?
8
Let x(j) = j**3. Let h(t) = t**3 - 9*t**2 - 10*t + 2. Let b be h(10). Let a be x(b). Suppose -1 = i - a. What is the units digit of i?
7
Let s(c) = c + 1. Let a be s(3). Suppose q + 25 = -5*r + 9, -a = 4*q. What is the units digit of 2*(3/(-2))/r?
1
Suppose 26 = 4*n + 2*v, -2*n + 8 + 20 = 4*v. Let y(w) be the first derivative of -w**4/4 + w**3 + 7*w**2/2 - 6*w - 1. What is the units digit of y(n)?
6
What is the units digit of -123*(4/2)/(-6)?
1
Let f be 63/14 - (-1)/(-2). Let z(a) be the third derivative of -a**6/120 + a**5/10 - 5*a**4/24 - a**3/6 + a**2. What is the tens digit of z(f)?
1
Let z = 18 - 22. What is the tens digit of 14/(z + 5/1)?
1
Let x(z) = 2*z**2 - 2*z - 2. Let p(v) = -v**2 - 8*v + 7. Let j be p(-8). Suppose -j*y + 2*y = 10. What is the units digit of x(y)?
0
Suppose 2*k + 4*s = 70, -2*k - 3*k + 2*s = -163. What is the units digit of k?
3
Let b = 8 - -7. What is the tens digit of b?
1
Let h(p) = p**2 - 9*p + 9. Let o be h(8). Suppose -4*z = -5*y + 47, 5*z = y - 3*y - o. Let x(q) = -q**2 + 6*q + 8. What is the units digit of x(y)?
1
Let m(s) = s**2 + s - 2. Let u be m(-3). Suppose 0 = u*i + 4*d - 20, i = 2*d + 1 + 16. What is the units digit of i?
9
Suppose -w - 218 = -2*t, -t + 2*w = t - 222. What is the hundreds digit of t?
1
Suppose -18*d + 1641 = -933. What is the hundreds digit of d?
1
Let b = 14 + 0. Let w = -1 + b. What is the units digit of w?
3
Let a be 4/8 + (-7)/(-2). Suppose -z = 5*j + a, -j - 19 = -2*z - 2*j. What is the units digit of z?
1
Let u(a) = a + 10. Let y be u(-8). Suppose 53 = r - 5*g, -5*r + y*g + 219 = -0*g. What is the tens digit of r?
4
Let p = 28 + -18. What is the units digit of p?
0
Let a(g) = -2*g**2 + 4*g + 4. Let z be a(4). Let n be (-10)/(-4)*z/(-10). Suppose u = -2*j + 3, 5*j - n + 12 = 3*u. What is the units digit of u?
3
Suppose 5*f + 18 - 193 = 0. What is the tens digit of f?
3
Suppose 0 = 2*g - 4*x + 22, -2*g - 4*x + 7*x - 21 = 0. Let c(h) = -h**2 - 10*h - 7. Let o be c(g). Suppose y - o*y + 3 = 0. What is the units digit of y?
3
Let n(u) = 2*u**2 - 6*u - 8. What is the tens digit of n(-4)?
4
Let f = 16 + 37. What is the tens digit of f?
5
What is the hundreds digit of (14 + -18)/((-2)/71)?
1
Suppose -4*q = -8*q, 0 = 4*l + q - 108. Suppose -b + l = -0*b. What is the units digit of b?
7
Suppose 14*x - 9*x = 110. What is the units digit of x?
2
Let p = -38 + 66. Suppose p = 5*f - 122. What is the tens digit of f?
3
What is the units digit of (-384)/(-10) + -1 + (-21)/(-35)?
8
Suppose -m = 3*m + 3*i + 202, 194 = -4*m + i. Let o = -27 - m. What is the tens digit of o?
2
Let l(p) = 4*p**2 - 6*p - 17. What is the hundreds digit of l(-7)?
2
Let v be (-6)/(-27) - 86/(-18). Suppose 14 = 5*m - x, -m - v*x - 21 + 3 = 0. Suppose 0 = -o - 2*o - n + 6, m*n + 6 = 0. What is the units digit of o?
3
Suppose -4*b = 4*x - 168, x + 4*b - b - 50 = 0. What is the units digit of x?
8
Let u(m) = m**3 + m**2 - 2*m - 2. Let b be u(-2). Let z be b/2 - (5 - 3). What is the tens digit of 5*z*(-2)/3?
1
Suppose 2*n = 5*n, 2*b + 3*n = 8. What is the units digit of 56/b + -1 - -2?
5
Let i = 124 - 82. Suppose 4*c - 6*c = -10. Suppose -i = -c*s + 2*s. What is the tens digit of s?
1
Let c = 6 - 1. Suppose -2*s + c*r = -16, 4*r + 24 = 8. Let m(a) = 3*a**2 + a - 1. What is the units digit of m(s)?
9
Let j(v) = v**2 + v. Let b be j(-2). What is the units digit of (b + -3)/(2/(-14))?
7
Let a = 32 + -18. What is the units digit of a?
4
Let w = 185 - 126. What is the tens digit of w?
5
Suppose 18 - 8 = 5*l, -3 = k - 4*l. Suppose 4*p + i = 9, 4*i + 27 = k*p - 0*p. Suppose -5*g + 3*h = -74, -p*g - 2*g - h + 62 = 0. What is the tens digit of g?
1
Let f(d) be the third derivative of -4*d**2 - 1/3*d**4 + 0*d + 0 - 1/6*d**3. What is the tens digit of f(-2)?
1
Let h(q) = q**3 - 9*q**2 + 7*q + 3. Let f be h(8). Let x = 11 + f. Let o = -3 + x. What is the units digit of o?
3
Let b(j) = j**2 + 2*j + 13. What is the tens digit of b(5)?
4
Suppose 2*u = -5*j + 61, 0*j + j + 111 = 4*u. Suppose 0 = 3*p + u - 193. What is the tens digit of p?
5
Let k = 23 - 21. Let d = 4 + 21. Suppose d = 5*v, -4*t + v = -k*v + 11. What is the units digit of t?
1
Let j(o) = o - 9. Let y be j(11). What is the units digit of y/(0 + (-6)/(-15))?
5
Let s(i) = 34*i**2 - 2*i + 1. What is the units digit of s(1)?
3
Let g(d) = 0*d - d + d**2 + 3 - 6*d. Let n be g(7). What is the units digit of n/(-6)*(1 + -3)?
1
Let y(k) = -k**2 - k + 5. Let p be y(0). Suppose -5*d = -10, -p*g + d - 17 = -6*g. What is the units digit of g?
5
Suppose 1117 + 483 = 10*y. What is the tens digit of y?
6
What is the hundreds digit of 0/(-6 + 2) + 3 + 313?
3
Let h be (10/4)/(-5)*-20. Let w = -8 + h. Suppose 0 = q + 5, w*t = t + 5*q + 26. What is the units digit of t?
1
Let l be 4*1 - (1 - 1). Suppose -q + 25 = l*q. Suppose o + o + 34 = q*n, 0 = -4*n - 4*o + 16. What is the units digit of n?
6
Suppose 0 = -4*m + 3*s - 36, 0*m - m - 2 = s. What is the units digit of (-1 - (-15)/m)*-2?
7
Let g be -30 + 1*(2 - -1). Let c = g - -38. What is the units digit of c?
1
Suppose -8*y + 5*y + 30 = 0. What is the tens digit of y?
1
Let d = -5 + 3. What is the units digit of (-14)/4*1*d?
7
Let h = -6 + 9. Suppose -n + 8 = n. Suppose 35 = n*c + h. What is the units digit of c?
8
Let h(x) be the second derivative of x**4/12 + x**3/3 + x. What is the units digit of h(-7)?
5
Suppose -2*i - 2*i = -r - 10, -4*i + 2*r = -12. Suppose -i*t = -13 - 15. What is the units digit of t?
4
Suppose -5*d - 34 = 2*w - 3*w, 2*w = -2*d + 8. Let m be (-2)/(-1) - (1 + -2). Let a = w + m. What is the tens digit of a?
1
Let a be (36/(-27))/(2/(-3)). Suppose a*p - 153 = -p. What is the units digit of p?
1
What is the units digit of 0 + (-124)/12*-3?
1
Suppose 5*i - 9 - 1 = 0. Suppose -4*b - 2*h + 72 = 2*h, -54 = -3*b - i*h. What is the tens digit of (-2)/(-9) - (-212)/b?
1
Let o(f) = -f**2 + 6*f - 5. Let i be o(6). Let r = i - 17. Let z = -15 - r. What is the units digit of z?
7
Let c = 5 - 3. Suppose -5*j + 5 = c*u - 6, 5*j = 5*u - 10. What is the units digit of j?
1
Let r(k) = k**3 - 7*k**2 + 5*k + 5. Let g be r(6). Let u = g + 3. Suppose -u*f + 7*f - 10 = 0. What is the units digit of f?
2
Let b = -24 + 5. Suppose -3*c + 5*j + 9 = 25, -c - j = 0. What is the tens digit of b/c + 3/2?
1
Let p(w) = -w**3 - 4*w**2 - 4*w - 3. Let g be p(-3). Let j be 9/(-3)*1/1. Let q = g - j. What is the units digit of q?
3
Let b be -4*-3*(-9)/12. Let r(p) = p**3 + 9*p**2 - p - 1. What is the units digit of r(b)?
8
Let k(i) = -4*i. Let v be k(-4). Let r be (3/(-3) - -1)*-1. Suppose x + 2*g = -x + v, r = -3*x + 5*g - 8. What is the units digit of x?
4
Let v(r) = 2*r**2 + 3. Let z(d) = -d**3 - 4*d**2 + 5*d - 4. Let b be z(-5). Let h be v(b). Suppose -4*t + h + 13 = 0. What is the tens digit of t?
1
Suppose 12 = 4*a - 3*t, t = 4*a + 3*t - 12. Let w be 1*(a - (1 - 2)). Suppose -y + 3*m = -16, -w*m + m + 64 = 4*y. What is the tens digit of y?
1
Let i = 14 + -9. Suppose 5*c - i*p = 65, -p + 8 = -2*c + 33. What is the tens digit of c?
1
Let j(c) = c**3 + 10*c**2 - 9*c - 1. Let q be j(-11). Let b = q + 49. What is the units digit of b?
6
Suppose -10 = -2*m + 4. Suppose -4*u + m = -1. What is the units digit of u?
2
Let t = -60 + 103. Suppose -2*i + t = -i. What is the units digit of i?
3
Let